. Suppose -4*g = -3*g - 3*q - 18, -34 = -2*g + 5*q. What is the highest common factor of g and r?
4
Let x(z) = -z + 2. Let n = 1 - 20. Let l be x(n). What is the greatest common factor of l and 7?
7
Let l be -1 + (-3)/(-1) + -2 + 62. What is the greatest common divisor of l and 558?
62
Suppose 135 = h - 151. Suppose 4*i - 1026 - 118 = 2*k, h = i - 4*k. What is the highest common factor of 26 and i?
26
Let l(v) = v**3 + 10*v**2 + 6*v. Let c be l(-4). Suppose 2*g = 8*g - c. What is the highest common divisor of 84 and g?
12
Let o be ((-40)/12)/((-1)/(-3)). Let d be o/(-25) + 67/(-5). Let s = -5 - d. Calculate the highest common factor of s and 1.
1
Let r = -32 + 36. Suppose -2*g = -3*f + 52, g - r*g + 27 = 3*f. Calculate the highest common divisor of f and 14.
14
Suppose 4*p + 8 = 28. Let d = -36 - -51. Calculate the greatest common divisor of p and d.
5
Let f be 312/60 - 1/5. Suppose -5*u + 433 = -3*i + 99, -f*i = -3*u + 194. Suppose -4*l + 5*l = 17. What is the greatest common factor of l and u?
17
Suppose -2*p - 57 = -5*p. Let v = -2 - 0. Let r be (-57)/v*(-12)/(-18). What is the highest common factor of r and p?
19
Let k = -5 + -8. Let z be 6*(k/(-6) + -2). Suppose -4*i + 2*i = -3*o - 2, 2*i - 4*o - 2 = 0. What is the highest common factor of i and z?
1
Suppose -4*j - 106 = -5*u, -8*u + 7*u = -4*j - 18. What is the greatest common factor of 55 and u?
11
Suppose -51 = -f - 5*w, w + 113 = 2*f + 22. Let d be (7 + 16)/(1/5). What is the highest common factor of f and d?
23
Suppose 4*y - 71 = -15. Suppose x = 2*h - 82, 0 = -4*x + x + 6. What is the greatest common factor of y and h?
14
Let x = 13 - 1. Let l = x + -4. Suppose -t + 4 = 2. Calculate the highest common factor of l and t.
2
Suppose -3*n = -2*n - 24. Let w = 568 + -544. Calculate the greatest common divisor of w and n.
24
Let y be (4*-2)/(-1*(-2)/(-8)). Calculate the highest common factor of y and 2.
2
Let a(m) = 2*m**2 - 21. Let d be a(0). Let z be (1/3)/(d/(-1701)). What is the greatest common divisor of z and 9?
9
Let q be 12/(-16) + (-1020)/(-16). Calculate the greatest common factor of q and 63.
63
Suppose -32 = 2*s - 3*k, -5 = 2*s - 2*k + 31. Let z = -11 - s. Let t be (1 - (-2 - -2)) + 76. Calculate the greatest common factor of z and t.
11
Let y = -62 + 24. Let r = y + 35. Let a be 3*r/(-18)*72. Calculate the greatest common divisor of a and 54.
18
Let n = 591 - 341. What is the greatest common divisor of n and 100?
50
Let g = 18 - 14. Suppose 0 = q + 4*l + 4, g*q + 2*l = 5*q - 8. Let c be 14/q*(0 + 16). Calculate the greatest common factor of 7 and c.
7
Suppose 2*i = -5 - 1. Let y(v) = -v**3 - 2*v**2 - 2*v - 3. Let k be y(i). Suppose -9*o = -24*o + 540. What is the greatest common factor of o and k?
12
Suppose 0 = -5*c - 1430 + 4305. Calculate the highest common factor of c and 50.
25
Let m(q) = -2*q**2 - 3*q + 3. Let i be m(3). Let h be (-51)/4*40/(-15). Let a = h + i. What is the highest common divisor of a and 70?
10
Let t = 11 - -8. Let u = -16 + t. What is the highest common factor of u and 27?
3
Let p be 7*((-38)/(-14) - 1). Let n = 17 - p. Let b be 3/(-5*4/(-100)). Calculate the highest common divisor of n and b.
5
Let l = 344 - 343. What is the greatest common divisor of l and 31?
1
Let y = 125 + -75. What is the greatest common factor of 725 and y?
25
Suppose 107*z = 15540 - 132. Let q = 35 - 19. Calculate the highest common divisor of q and z.
16
Suppose 0 = 5*y + 15, 3*p + 2*y = 8*p - 6. Suppose p = -5*h + 2*n + 3*n, 6 = 3*n. Let a be ((-3)/6)/((-3)/6). What is the greatest common divisor of a and h?
1
Let t = 55 + -20. Calculate the greatest common factor of 63 and t.
7
Let r(h) = -h**3 + 2*h**2 + 6*h - 6. Let j be r(3). Let a = j - -19. What is the greatest common divisor of 154 and a?
22
Let t(k) = k - 8. Let o(l) = 7. Let s(h) = -4*o(h) - 3*t(h). Let g be s(-3). Let y = -514 + 539. Calculate the greatest common divisor of y and g.
5
Let y(g) = 13*g + 620. Let k be y(0). Calculate the highest common divisor of 20 and k.
20
Suppose 5*g = g - 12, 2*g + 22 = 4*b. Suppose -4*t + 84 = -0*c + c, -b*t = -5*c + 444. What is the greatest common factor of c and 11?
11
Let b(u) = 8*u - 5 + 12 + 2*u - 2. Let q be b(3). Calculate the greatest common divisor of 14 and q.
7
Suppose -38*z = -13311 - 63981. What is the highest common factor of 18 and z?
18
Let j(b) = -38*b - 442. Let k be j(-12). Let i(r) = 3*r - 12. Let z be i(11). Calculate the highest common factor of z and k.
7
Let j be 0/(-5) + 0 + 2. What is the highest common divisor of j and 16?
2
Let a be (12 - 9)*(-4)/(-6). What is the highest common divisor of a and 10?
2
Let r be (-2)/(-5) + (-842)/5. Let l be 9/(-18)*r/2. Suppose -3*u + l = -0*u. Calculate the greatest common divisor of 154 and u.
14
Suppose 92*f - a + 453 = 97*f, a = 5*f - 447. Let x(d) = -d + 15. Let n be x(0). What is the greatest common divisor of n and f?
15
Suppose -9*v - f = -4*v + 452, 2*v - f = -185. Let x = 97 + v. What is the highest common factor of 8 and x?
2
Let d be (-1 + -5)*14/21. Let x = d - -5. Let n be (x/(-2))/((-1)/36). Calculate the greatest common divisor of n and 9.
9
Let w(x) = x**2 - 18*x + 8. Let f be w(18). What is the greatest common divisor of 92 and f?
4
Suppose 12 = -3*u, 0*h - 191 = 5*h - u. Let t be 6/h + 5990/65. What is the greatest common divisor of 23 and t?
23
Let h = 54 - 45. Calculate the highest common factor of 216 and h.
9
Suppose 10*s - 5*s + 5 = 4*t, 4*s + 3*t = 27. Suppose -4*w + 178 = s*b, 6*b - 3*b = 2*w - 80. Calculate the greatest common divisor of 344 and w.
43
Let j(z) = -4*z - 1 - z + 7*z - 2. Let w be j(4). Calculate the greatest common factor of w and 25.
5
Suppose 68 = 7*z - 135. Let n = 35 - z. What is the greatest common divisor of n and 2?
2
Let q(z) = 2*z**3 + 22*z**2 - 24*z + 18. Let c be q(-12). What is the highest common divisor of c and 351?
9
Let k = -10 + 16. Suppose 0 = 3*g - h - k + 4, -2*g - 4*h = 8. Let d be (g - 2)*(-55)/22. Calculate the greatest common factor of 45 and d.
5
Suppose j - 17 = -10. Suppose j + 2 = f + 3*s, -23 = -2*f - s. Calculate the greatest common divisor of 9 and f.
3
Let o = 65 + -63. Suppose 132 = 5*n - 3*r, -4*n + 2*r + 104 = -o*r. What is the highest common factor of 3 and n?
3
Suppose -5*q - 5 = -10*q. Let t be (q - 6)*(2 - 3). Suppose -d = 2*g - 23, 2*d - 5*g - 55 = -0*d. What is the greatest common divisor of d and t?
5
Let z be 36*(-8)/(-80)*15/9. Calculate the greatest common factor of 39 and z.
3
Suppose -57 = -4*r - 13. Suppose 2*a - 258 = -p, -3*p + 4*a + 681 = -103. Suppose 2 = -x, x + x = -3*b + p. What is the highest common divisor of r and b?
11
Let x = 317 - 296. Calculate the greatest common factor of x and 105.
21
Let f = -82 - -57. Let b be (-6020)/f + (-12)/15. Calculate the highest common factor of 48 and b.
48
Let k(h) = 510*h - 192. Let a be k(5). Calculate the highest common divisor of 18 and a.
18
Let d = 8 - 5. Suppose -2*z - 3*z + 2*p = -33, -10 = -z - 3*p. Let n be (24/(-15))/(z/(-105)). Calculate the highest common divisor of d and n.
3
Let r = -48 - -50. Let q be (35/r)/(-5)*-6. What is the greatest common divisor of q and 28?
7
Suppose -2*i - 2*a + 92 = -92, 4*a = i - 112. Calculate the greatest common factor of 16 and i.
16
Let j = 6 - 35. Let i = 47 + j. Calculate the greatest common factor of 2 and i.
2
Suppose 33*b = 166 + 758. Calculate the highest common divisor of 175 and b.
7
Suppose -8 = -3*z - 2*a, z - 2 = a - 1. Suppose 4*f - 32 = 3*w, 0 = -z*f + 7*f + w - 59. Let m = 5 + 50. Calculate the highest common divisor of m and f.
11
Suppose 0 = -13*x - 1007 + 2996. Suppose -t + v - 1 = 0, 0*t = t + 3*v + 9. Let n be 20 + (t + 0)/1. What is the greatest common divisor of n and x?
17
Let a(g) = g**2 + 12*g + 4. Let n be a(-12). Suppose l = -1, 5*o - o - 488 = n*l. Calculate the highest common factor of 11 and o.
11
Let t(k) be the third derivative of 209*k**4/24 + 2*k**2. Let o be t(1). Calculate the greatest common divisor of o and 19.
19
Let o(j) = j**2 - 16*j + 1. Suppose 2*a + 31 = 235. Suppose -3*v = 3*v - a. Let k be o(v). Calculate the greatest common factor of k and 144.
18
Let v = -1 - -16. Suppose 3*y - v = -0*y. Suppose 3*d + 2*g = 34, 3*d - y*g + 3 = 23. What is the highest common factor of 20 and d?
10
Let 